
-2010
In base 2, what is -11 - 101001010111?
-101001011010
In base 2, what is -10000 + 111000100?
110110100
In base 16, what is 6636 + -1?
6635
In base 7, what is 0 + 2312?
2312
In base 2, what is -11010100010010 + -11?
-11010100010101
In base 5, what is -4213 - 13?
-4231
In base 13, what is 133 + 5?
138
In base 11, what is 16 - -10?
26
In base 3, what is 101 - -2012?
2120
In base 5, what is -2142 - -4?
-2133
In base 2, what is -101101111 + -110?
-101110101
In base 16, what is -802 + 2?
-800
In base 12, what is -6554 - 5?
-6559
In base 6, what is -1354 + -1?
-1355
In base 9, what is 2 + -5?
-3
In base 3, what is 200010 + -101?
122202
In base 7, what is -21 + -15?
-36
In base 14, what is -15 - 24?
-39
In base 11, what is 714 + 1?
715
In base 4, what is 123 + 31?
220
In base 11, what is -3495 - 3?
-3498
In base 9, what is -2 - -8144?
8142
In base 10, what is 0 + -394?
-394
In base 8, what is -4 + 34?
30
In base 11, what is 4 + 139?
142
In base 14, what is -9 - 2?
-b
In base 3, what is -12 - 101?
-120
In base 13, what is -615 - -7?
-60b
In base 14, what is 1a78 + -1?
1a77
In base 12, what is 3 + 371?
374
In base 11, what is -100 + 0?
-100
In base 2, what is 1 + -1011?
-1010
In base 15, what is 13a - 4?
136
In base 7, what is -145 + 6?
-136
In base 2, what is -101 - 1111111?
-10000100
In base 11, what is 1 + -31a?
-319
In base 10, what is 64 - 7?
57
In base 8, what is 1471 - 1?
1470
In base 4, what is 3 + -1301?
-1232
In base 12, what is 4ba + 2?
500
In base 11, what is -882 - 1?
-883
In base 6, what is 2341 - -13?
2354
In base 10, what is -64 + 0?
-64
In base 15, what is 2 - d7?
-d5
In base 7, what is 2 + 313?
315
In base 2, what is 10 - 100001001100?
-100001001010
In base 4, what is -10 + -132?
-202
In base 4, what is -1 - 20020?
-20021
In base 7, what is -2 - 55?
-60
In base 13, what is -10 + -1b?
-2b
In base 11, what is -24 + -17?
-40
In base 6, what is -14222 - -11?
-14211
In base 7, what is 4 + -65?
-61
In base 3, what is 0 - -100202?
100202
In base 9, what is -143 + -3?
-146
In base 7, what is -1360 + 1?
-1356
In base 12, what is -a9b0 - -1?
-a9ab
In base 9, what is -1670 + -3?
-1673
In base 6, what is -343 - 13?
-400
In base 6, what is -40 - 0?
-40
In base 2, what is -10111010101 - 100?
-10111011001
In base 12, what is 3 + a?
11
In base 4, what is 1213 - -2211?
10030
In base 15, what is -2aa + -c?
-2b7
In base 13, what is -4 - 2b1?
-2b5
In base 8, what is -156 + 2?
-154
In base 7, what is 2 - 11040?
-11035
In base 14, what is 1dd - -5?
204
In base 10, what is -6 - 48?
-54
In base 10, what is -3 + -160?
-163
In base 8, what is 55 + 4?
61
In base 10, what is 5 - -926?
931
In base 11, what is 14a + -7?
143
In base 2, what is 1 + -100010?
-100001
In base 13, what is 1 - -1cab?
1cac
In base 11, what is 741 - -5?
746
In base 7, what is -431 - 5?
-436
In base 10, what is 436 + -5?
431
In base 15, what is -23 + 1?
-22
In base 16, what is -e + 0?
-e
In base 5, what is -102 + 12?
-40
In base 13, what is 283 - 5?
27b
In base 13, what is -50 + -6?
-56
In base 11, what is 852 - -4?
856
In base 15, what is -4 - -11?
c
In base 14, what is 5 + 397?
39c
In base 4, what is -1 - 1313?
-1320
In base 7, what is -13 + 53?
40
In base 2, what is 1000100100 + 1001?
1000101101
In base 16, what is 5f - 5?
5a
In base 4, what is -102 - 0?
-102
In base 11, what is 23 + -a2?
-7a
In base 15, what is -4 + bce?
bca
In base 10, what is -161 - 3?
-164
In base 12, what is 0 + -301?
-301
In base 8, what is 2 + 601?
603
In base 5, what is 3 + 34?
42
In base 7, what is -15 + 355?
340
In base 3, what is 2 + -2212?
-2210
In base 8, what is -27 + -262?
-311
In base 8, what is -1 - 11?
-12
In base 12, what is 77 + -40?
37
In base 15, what is a + 62?
6c
In base 15, what is 0 - b2?
-b2
In base 11, what is 1075 + 2?
1077
In base 10, what is -27 + -296?
-323
In base 13, what is -54 + 5?
-4c
In base 15, what is 1c - -7?
24
In base 12, what is -391 - 5?
-396
In base 3, what is 121 + 1002102?
1010000
In base 4, what is 1003 + -21?
322
In base 13, what is 3 + 1?
4
In base 2, what is 1100 + 11110011111?
11110101011
In base 8, what is 142 - -132?
274
In base 6, what is -44 - 0?
-44
In base 11, what is -7 + -34?
-40
In base 6, what is -5 + 214?
205
In base 9, what is -22 - 4?
-26
In base 4, what is -2 - 13202?
-13210
In base 10, what is 140 - 1?
139
In base 16, what is -c - -f?
3
In base 6, what is 320 - -220?
540
In base 16, what is -4 - 11?
-15
In base 5, what is 3 + 11?
14
In base 9, what is 3 + -1465?
-1462
In base 9, what is 1 - 47?
-46
In base 7, what is -1122 + -1?
-1123
In base 11, what is -7 - -113?
107
In base 12, what is 13 - 152?
-13b
In base 14, what is 281 + -1c?
263
In base 3, what is -2101 - 2201?
-12002
In base 16, what is -1 - 713?
-714
In base 3, what is 1022 + 10000?
11022
In base 2, what is -1011 + 10110110?
10101011
In base 14, what is 1 + 74d?
750
In base 13, what is -7 + 28a?
283
In base 9, what is -285 + 4?
-281
In base 14, what is -d + -1?
-10
In base 5, what is 30 + -113?
-33
In base 11, what is 1006 + -15?
aa1
In base 16, what is 1c96 - -1?
1c97
In base 12, what is 4 - -a?
12
In base 6, what is 2121 + 2?
2123
In base 7, what is 2 - -2341?
2343
In base 13, what is -5 - 350?
-355
In base 9, what is -3 - -208?
205
In base 10, what is 22299 - 1?
22298
In base 16, what is -b3 + -3?
-b6
In base 7, what is 4 + 436?
443
In base 14, what is -b4 + c?
-a6
In base 9, what is 5 - 37?
-32
In base 15, what is 1a9a + -4?
1a96
In base 10, what is 70 - -8?
78
In base 8, what is 0 - -152?
152
In base 9, what is -4 + 3316?
3312
In base 12, what is -107a - 3?
-1081
In base 2, what is 101011101 + 111?
101100100
In base 15, what is -a - d8?
-e3
In base 3, what is -11001 + 12?
-10212
In base 5, what is 4141 - 3?
4133
In base 5, what is -30331 - -2?
-30324
In base 11, what is -140 + 1?
-13a
In base 16, what is 0 - 3b?
-3b
In base 7, what is 3 + 125?
131
In base 3, what is -22122011 - 11?
-22122022
In base 10, what is -604 + 5?
-599
In base 5, what is 13103 + -24?
13024
In base 16, what is -542 + 5?
-53d
In base 2, what is 110110101101 - 10?
110110101011
In base 10, what is -4 - -4461?
4457
In base 2, what is -11 - 1010010101?
-1010011000
In base 6, what is -3 + -312?
-315
In base 14, what is 13 - 19?
-6
In base 14, what is -2012 - -5?
-200b
In base 10, what is -22 - -78?
56
In base 4, what is 22 + -2?
20
In base 8, what is -71 - 15?
-106
In base 15, what is 13 + 3?
16
In base 8, what is -101 - 27?
-130
In base 14, what is d9 - 3?
d6
In base 13, what is 7c + 4?
83
In base 4, what is -122 + -13?
-201
In base 6, what is 3253 - -12?
3305
In base 2, what is -111111 + 1001?
-110110
In base 13, what is -180 + 0?
-180
In base 13, what is -4 - -32?
2b
In base 14, what is 16 + -37?
-21
In base 6, what is 4 + -13522?
-13514
In base 15, what is 1 - -c5?
c6
In base 14, what is -965 - -7?
-95c
In base 16, what is -ae + 2?
-ac
In base 12, what is 20 - 15?
7
In base 3, what is 220 - -2?
222
In base 11, what is -1 - 465?
-466
In base 4, what is 0 - -3331?
3331
In base 15, what is -1e0 - 5?
-1e5
In base 12, what is -248 - 19?
-265
In base 16, what is -2d + -3?
-30
In base 13, what is 4 + 97?
9b
In base 11, what is -415 - -5?
-410
In base 16, what is 14ee + 2?
14f0
In base 12, what is 0 + 7a5?
7a5
In base 9, what is -120 + -3?
-123
In base 2, what is 10 - -110000111100?
110000111110
In base 16, what is 0 + -1d?
-1d
In base 3, what is 1200010 - -12?
1200022
In base 3, what is -101 - 1010122?
-1011000
In base 14, what is 165 - 17?
14c
In base 4, what is -10 - 310312?
-310322
In base 5, what is 4 - 2312?
-2303
In base 14, what is -2 - 41?
-43
In base 12, what is 187 - -1?
188
In base 5, what is -1014 + 1?
-1013
In base 11, what is 3 - -4?
7
In base 7, what is -313 + 3?
-310
In base 10, what is 661 - -3?
664
In base 16, what is -7 - -d0?
c9
In base 2, what is 110000 + 10?
110010
In base 15, what is -5 - a95?
-a9a
In base 10, what is 0 - 68?
-68
In base 4, what is -10 + 222?
212
In base 6, what is -1 - 41?
-42
In base 9, what is -5 - 403?
-408
In base 6, what is -3321 - 2?
-3323
In base 15, what is 72 + -3?
6e
In base 8, what is 770 + 2?
772
In base 4, what is 2 - -3232?
3300
In base 4, what is -12011 - 11?
-12022
In base 7, what is 16136 - -1?
16140
In base 4, what is -1121 + -21?
-1202
In base 11, what is 